{"id":53,"date":"2021-01-01T10:25:08","date_gmt":"2021-01-01T09:25:08","guid":{"rendered":"https:\/\/www.mec-nuernberg.de\/2021\/?page_id=53"},"modified":"2024-04-17T14:03:11","modified_gmt":"2024-04-17T12:03:11","slug":"anlagen","status":"publish","type":"page","link":"https:\/\/www.mec-nuernberg.de\/2021\/anlagen\/","title":{"rendered":"Anlagen"},"content":{"rendered":"\n<p>Wir betreiben drei Anlagen: unsere station\u00e4re Clubanlage und unsere Modul-Anlage und die Anlage unserer Jugendgruppe. Hier k\u00f6nnen Sie sich \u00fcber die Anlagen informieren.<\/p>\n\n\n\n<p class=\"has-medium-font-size\"><a href=\"https:\/\/www.mec-nuernberg.de\/2021\/anlagen\/stationaere-clubanlage\/\" data-type=\"page\" data-id=\"55\">Station\u00e4re Clubanlage<\/a><\/p>\n\n\n\n<p class=\"has-medium-font-size\"><a href=\"https:\/\/www.mec-nuernberg.de\/2021\/anlagen\/mobile-modulanlage\/\" data-type=\"page\" data-id=\"67\">Mobile Modulanlage<\/a><\/p>\n\n\n\n<p class=\"has-medium-font-size\">Jugendanlage<br><\/p>\n","protected":false},"excerpt":{"rendered":"<p>Wir betreiben drei Anlagen: unsere station\u00e4re Clubanlage und unsere Modul-Anlage und die Anlage unserer Jugendgruppe. Hier k\u00f6nnen Sie sich \u00fcber die Anlagen informieren. Station\u00e4re Clubanlage Mobile Modulanlage Jugendanlage<\/p>\n","protected":false},"author":1,"featured_media":0,"parent":0,"menu_order":0,"comment_status":"closed","ping_status":"closed","template":"","meta":{"footnotes":""},"folder":[],"class_list":["post-53","page","type-page","status-publish"],"_links":{"self":[{"href":"https:\/\/www.mec-nuernberg.de\/2021\/wp-json\/wp\/v2\/pages\/53","targetHints":{"allow":["GET"]}}],"collection":[{"href":"https:\/\/www.mec-nuernberg.de\/2021\/wp-json\/wp\/v2\/pages"}],"about":[{"href":"https:\/\/www.mec-nuernberg.de\/2021\/wp-json\/wp\/v2\/types\/page"}],"author":[{"embeddable":true,"href":"https:\/\/www.mec-nuernberg.de\/2021\/wp-json\/wp\/v2\/users\/1"}],"replies":[{"embeddable":true,"href":"https:\/\/www.mec-nuernberg.de\/2021\/wp-json\/wp\/v2\/comments?post=53"}],"version-history":[{"count":3,"href":"https:\/\/www.mec-nuernberg.de\/2021\/wp-json\/wp\/v2\/pages\/53\/revisions"}],"predecessor-version":[{"id":1020,"href":"https:\/\/www.mec-nuernberg.de\/2021\/wp-json\/wp\/v2\/pages\/53\/revisions\/1020"}],"wp:attachment":[{"href":"https:\/\/www.mec-nuernberg.de\/2021\/wp-json\/wp\/v2\/media?parent=53"}],"wp:term":[{"taxonomy":"folder","embeddable":true,"href":"https:\/\/www.mec-nuernberg.de\/2021\/wp-json\/wp\/v2\/folder?post=53"}],"curies":[{"name":"wp","href":"https:\/\/api.w.org\/{rel}","templated":true}]}}